 Suppose 0*u = 2*u - x. What is the highest common divisor of u and 85?
17
Suppose -17 = -4*o + 67. Calculate the highest common divisor of o and 105.
21
Let w = 369 + -281. What is the greatest common divisor of 308 and w?
44
Let m(n) = 4*n + 15. Let a be m(8). Let h = -321 - -650. Calculate the greatest common divisor of a and h.
47
Let r be (11 + (-156)/24)*8/6. Calculate the greatest common factor of r and 132.
6
Suppose 23 = 4*k - 3*y, 0 = -3*y + 5 + 4. Calculate the greatest common factor of k and 248.
8
Let b(f) = 2*f**3 - 10*f**2 - 2*f - 7. Let u be b(7). Let l be (-406)/(-21) - 2/(-3). Suppose l - 70 = -2*g. What is the greatest common factor of u and g?
25
Let x be (18/10)/(8/40). Calculate the greatest common divisor of x and 9.
9
Let k(u) = 2*u**2 - 4 + 2*u**2 - 6*u - 13 + 14. Let a be k(6). Let t = -32 - -74. What is the greatest common divisor of a and t?
21
Let g be (1*-2)/(2/(-4)). Let c be (2 - (-4)/(-2))/2. Suppose g = p - 2*p, c = i - p - 19. Calculate the highest common factor of 60 and i.
15
Let t = -445 + 598. Let q = 75 - -10. Suppose -x + q = 4*x. Calculate the highest common factor of x and t.
17
Let p(z) = z**3 + 61*z**2 + 225*z - 103. Let j be p(-57). Calculate the greatest common factor of j and 255.
17
Let r(v) = -70*v - 5. Let y be r(-2). Calculate the highest common divisor of 15 and y.
15
Suppose -2*y + y = -6. Let n(s) = -s**2 + 20*s + 2. Let z be n(16). What is the highest common divisor of y and z?
6
Let k(d) = 2*d**2 - 11*d - 123. Let y be k(-7). Calculate the greatest common divisor of y and 572.
52
Suppose 5*w + 5*j - 50 = 325, -15 = 3*j. Suppose -b = 1 - w. Let h = b - 48. Calculate the highest common factor of 217 and h.
31
Let i be (-2 + 2 + 1)/1. Let v be i/(2 - 2 - 1). Let z be 7 - (1 + v)/1. What is the greatest common divisor of z and 56?
7
Let z be -6*(-4)/(-24) - -4. Let o = -22 - -37. Let k be 1/(-1 + 16/o). Calculate the highest common factor of k and z.
3
Let s(f) = -2*f**2 - 41*f + 21. Let r be s(-17). Calculate the greatest common divisor of 14 and r.
14
Let o(l) = -2*l**2 + 8*l - 2. Let s be o(3). Suppose -w - 127 = -3*i + 169, -s*i = 5*w - 382. Calculate the greatest common factor of 14 and i.
14
Let n = 20 - -13. Let r(f) = 2*f**2 + 3*f - 2. Let g be r(-6). Suppose 4*t + 8 = g. Calculate the greatest common factor of n and t.
11
Let d = 10 + 3. Let q = d + -8. Suppose -28 = q*m - 7*m. Calculate the greatest common divisor of m and 35.
7
Let f = -387 - -543. Calculate the greatest common divisor of f and 12.
12
Suppose 3*m - 29 = 5*n - 254, 0 = 4*n - 5*m - 167. Calculate the greatest common factor of n and 228.
12
Let c = 42 + -40. Suppose 0 = -g + 3*o - 3, -c*g + 0*o + 38 = 5*o. What is the highest common factor of g and 9?
9
Let f be (1092/16 - 3) + (-4)/16. Suppose y - 39 = -v - 14, 2*v + y = 51. Calculate the highest common divisor of v and f.
13
Let w be (-144)/(-10) - 10/25. Suppose q - 3*d - 6 = 0, q - 16*d - 11 = -14*d. Calculate the greatest common divisor of w and q.
7
Suppose -8*i + w = -12*i + 78, -4*i = -3*w - 86. Calculate the greatest common factor of 500 and i.
20
Suppose 4*x - 48 = 4*u, -36 = -3*x + 2*u - 5*u. Calculate the greatest common divisor of 1164 and x.
12
Suppose -19*n + 128 = -3*n. Calculate the highest common divisor of n and 22.
2
Suppose -2*x = 5*x - 245. Calculate the highest common divisor of x and 14.
7
Let i(f) = 7*f + 33. Let o be i(-4). Suppose 2*u + 2*u + 16 = 0, 0 = -o*s + 3*u + 27. What is the highest common factor of s and 9?
3
Suppose 0*v = -7*v + 315. Suppose v + 5 = 5*q - 4*z, 0 = 4*q - 2*z - 34. Calculate the highest common factor of 18 and q.
6
Let g be 3/63*-14 - 244/(-6). Let s = -11 - -19. What is the highest common divisor of s and g?
8
Let k(t) = -t**3 + 10*t**2 + t - 1. Let y be k(10). Calculate the highest common divisor of 6 and y.
3
Let i(m) = -6*m + 26. Let s be i(-11). Let y be (s/(-6))/((-5)/15). What is the highest common factor of 69 and y?
23
Let a(k) = 2*k + 8. Let s be (24/(-14))/((-4)/14). Let i be a(s). Let v = i - -19. What is the greatest common factor of v and 13?
13
Let f be (-2 + 96/15)/((-68)/(-2210)). Suppose -3*g + 15 = -24. Calculate the greatest common divisor of f and g.
13
Let f be 2*1*(-2)/(16/(-20)). Calculate the highest common divisor of 2 and f.
1
Suppose 553 + 1432 = 4*n - m, -975 = -2*n - 3*m. Calculate the greatest common factor of n and 45.
45
Let y = -14 + 12. Let d be (5/y)/(10/(-20)). Suppose t + 12 = d*t. What is the greatest common factor of 6 and t?
3
Let w be -75*(-2 - (-16)/10). Let d be (-10)/w - (157/(-3) + 1). Calculate the highest common factor of d and 34.
17
Let o = -39 + 51. Let l be 3/o + (-1101)/(-12). Suppose 23 + l = 5*z. Calculate the highest common divisor of z and 92.
23
Let o be 2/3 - (9 - 366/18). What is the highest common divisor of o and 27?
3
Let v be ((-32)/(-6))/((-7)/(-21)). Calculate the highest common divisor of 176 and v.
16
Suppose -4*k - 16 = 0, n - 3*k - 5 - 13 = 0. Suppose 0 = n*g + 6 - 48. Calculate the highest common factor of 70 and g.
7
Suppose 5*y = -2*f + 72, -y + f - 43 = -4*y. What is the greatest common factor of 21 and y?
7
Suppose -r = 5*l - 12, 3*l + 27 = 5*r - 5. Let p = 33 + r. What is the highest common factor of p and 16?
8
Suppose -2*b = -3*a + 50, -2*a + 32 = -2*b - 0*b. Let t be 2/(-8) + (-793)/(-4). Calculate the highest common divisor of a and t.
18
Suppose 30*n - 69 = 81. Calculate the highest common factor of 55 and n.
5
Suppose n = 4*m - 19, m = -3*m + 4*n + 16. Let v(o) = 3*o - 1. Let x be v(m). What is the greatest common divisor of 56 and x?
14
Let k(h) = 10 - 9 - 3*h - h. Let t(g) = 6*g**3 + g**2 - 1. Let z be t(-1). Let m be k(z). Calculate the greatest common factor of m and 100.
25
Suppose 5*o = o - 3*j + 16, -2*j + 7 = -o. Let t be -131 + (0 - 1) - o. Let u = t - -250. What is the greatest common divisor of u and 13?
13
Suppose z + 83 = -y + 263, 2*z - 4*y - 360 = 0. Calculate the greatest common divisor of 468 and z.
36
Suppose 4*c + 9 = 29. Suppose -5 + 1 = a + 5*q, 3*q = -3*a + 12. Suppose 6*v = a + 24. What is the highest common factor of v and c?
5
Let a(r) = -13*r + 2. Let x be a(-6). Suppose 2*w - 101 = q, -w - 6*q = -4*q - 38. What is the highest common factor of x and w?
16
Suppose -3*d + 309 = 3*b, 12*d = 7*d - 4*b + 510. What is the highest common factor of 343 and d?
49
Suppose 0 = -18*v + 17*v + 9. Suppose 0 = 5*b + f - 37, 8*b - 5*f - 7 = v*b. Calculate the greatest common factor of 12 and b.
4
Let g be 3*1*20/30. Let a be 4/g + (-3 - -3). Let h be -9 - -21 - (-6)/a. What is the greatest common divisor of 45 and h?
15
Let l(v) = v**3 - 7*v**2 - 5*v + 6. Let r be l(9). Calculate the highest common factor of 164 and r.
41
Suppose 3*t + t - 12 = 0. Suppose -15 = -n - 2*j, -2*n + 4*j = 3*n + 9. Calculate the greatest common divisor of n and t.
3
Let t = -911 + 981. Let j(a) = a**3 - 6*a**2 + 3*a - 8. Let z be j(6). What is the highest common divisor of z and t?
10
Suppose -2*x + 3 = 3*l - 15, -x + 4*l = -9. Let j(b) = 3*b**2 - 22*b + 5. Let c be j(x). What is the greatest common factor of 10 and c?
10
Let q = 43 + -15. Suppose -4*y = 3*y - 84. Suppose -8*d - y = -11*d. What is the highest common factor of q and d?
4
Suppose -23*b + 1134 = -14*b. What is the highest common divisor of b and 210?
42
Let r(u) = 13*u**2 + 21*u - 2*u - u**3 + u + 15 - 3*u. Let w be r(14). What is the highest common factor of w and 19?
19
Let v be (52/(-12) - -4) + 31/3. Suppose -3*g - v = -241. What is the greatest common divisor of 7 and g?
7
Let t be (6 + (-8 - -4))/(2/(-7)). Let h(s) = -s**3 - 6*s**2 - s + 20. Let i be h(t). Calculate the highest common factor of 114 and i.
38
Let r be (-30)/(-12)*(-228)/(-10). Suppose 0 = 17*y - 475 - 817. Calculate the greatest common divisor of y and r.
19
Suppose 5*h - 90 + 23 = 3*o, 0 = 4*h - 4*o - 60. Let s = 119 + -20. What is the highest common factor of h and s?
11
Let h be 30 + (-6)/(4 + -1). Let k = -13 + -11. Let v be h/6 - 8/k. Calculate the greatest common divisor of 35 and v.
5
Let r be 1*(-1 - -16)/3. What is the highest common divisor of r and 55?
5
Let c(w) = -18*w - 16. Let j be c(-1). Suppose 4*g - 7 = -3*n - 2, -j*n = g. Let p = -6 + 14. What is the greatest common divisor of p and g?
2
S